7. Let n(t) = -7*c(t) - 2*d(t). Is n(-16) composite?
False
Suppose h = -5*z + 165749, 5*z - 41549 - 124212 = -4*h. Is z a prime number?
True
Let c(l) = -l**2 - 11*l - 7. Let v be c(-10). Suppose -3*t + 3669 = -v*q, -1762 = -5*t + q + 4365. Suppose 4*a + p = 1556, 3*p + t - 59 = 3*a. Is a prime?
True
Let l be -5 - (-8703 - (0 + 1)). Suppose -z = -g - 8711, -3*z + 5*g - l = -4*z. Is z a composite number?
True
Suppose -14*l + 16*l = 4. Suppose 0 = -4*b - 8, l*o = 3*b - 0*b + 2180. Is o prime?
True
Let p(r) = -r**2 - 2*r**2 - 3*r**2 + 22*r**2 - r**3 + 27 - 7*r. Is p(13) a composite number?
False
Let o(h) = 3226*h - 75 - 52 + 8. Is o(6) prime?
True
Suppose 3*b = 4*t - 21728, -4*b + 9315 = 3*t - 7006. Suppose -5*z = -10*z + t. Is z composite?
False
Suppose 67*w = 48*w + 76. Suppose w*n - 3008 = 38468. Is n a composite number?
False
Let t(m) = -98*m**2 - 11*m - 12. Let j be t(-3). Let a = j - -3362. Is a a prime number?
False
Let t = -116599 - -217856. Is t composite?
True
Suppose -4*q - 2436 = -2*p, 4*q = 4*p - 50 - 2378. Suppose 4*r + r = -2000. Let c = r - q. Is c a prime number?
True
Suppose 0 = 6*y - 39021 - 5787. Suppose -90*l = -86*l - y. Is l composite?
False
Suppose 0 = -4*g - 10*g + 42. Suppose 4*b = -m + 60 + 717, 0 = g*b - m - 581. Is b a composite number?
True
Let r = -155 + 163. Suppose -2*q + 5892 = -4*l, -3*l + 14720 = 5*q - r*l. Is q composite?
True
Is 18/216 + 4753827/108 a prime number?
True
Suppose -91*d = -48*d + 69*d - 11475856. Is d a composite number?
True
Let q = 237 - 240. Is 1 + 2571 + q + 2 prime?
False
Suppose -8*y + 12 - 36 = 0. Is ((-2)/y)/(10/97170*2) composite?
True
Let x be 0 + (-62)/(-12) + (-41)/246. Is -7 + 12003/15*x a prime number?
False
Let v = 58 - 53. Let u = -593 + 1085. Suppose 2*c - c + v*q = u, 1488 = 3*c + 3*q. Is c composite?
True
Let g(p) = 2*p**3 + 2*p**2 + 6*p + 952615. Is g(0) a prime number?
False
Suppose k + 24492 = i - 6129, -4*i - k = -122474. Is i composite?
True
Suppose -7 = -3*t - 13, 2*t + 1389888 = 4*z. Is z composite?
True
Let k(p) = 36*p**3 + 44*p**2 - 61*p + 44. Is k(23) a prime number?
True
Let l(t) = 92*t**2 - 3*t - 13. Let a = 181 - 185. Is l(a) a composite number?
False
Suppose -u = 5*d - 141419, 5*u - 707187 = 27*d - 29*d. Is u composite?
False
Let q = 168561 - -370778. Is q prime?
True
Suppose -a - 25 = -3*r, 0 = 3*a - 0 - 6. Is 5379 - (-9)/(r/4) prime?
False
Is (-8)/(-48) + (-48591550)/(-228) a composite number?
True
Is ((-112470765)/(-940))/(9/12) composite?
True
Suppose -3*f + 17 = -10*s + 5*s, 3*s = -4*f + 13. Suppose -x - f*p + 2197 = -318, 4*p = 0. Suppose 6*j - 1523 = x. Is j a prime number?
True
Suppose -12*l + 15 = -33. Suppose -k = -l*k + 12, -3*z - k = -715. Is z a prime number?
False
Let a(o) = o - 3. Let f be a(5). Suppose f*w + 20 = 3*y + y, -3*y - 7 = 4*w. Suppose -2*v - 711 = -n, -726 = -n + y*v - 6*v. Is n prime?
False
Let p(a) = 26018*a**3 + 22*a**2 - 54*a - 55. Is p(3) a composite number?
True
Suppose -4*i - 43*s + 40*s = -4142905, 0 = 2*i + s - 2071449. Is i composite?
True
Suppose 0 = 20*y - 0*y - 98460. Suppose 3*q + y = 3*m, -m + q - 3270 = -3*m. Is m a prime number?
True
Let y be 20344/6*66/44. Suppose -n + 0*n + 3*j + 5084 = 0, 0 = n - j - y. Suppose 0 = 2*v + 5*s - 3571, -4*v + 2073 = 4*s - n. Is v a prime number?
False
Let b = 2526699 + -492250. Is b prime?
True
Let z(c) = 5*c**3 - 9*c**2 + 8*c + 2. Let w(b) = b**3 - b**2 + b + 1. Let j(p) = -6*w(p) + z(p). Let u be j(-7). Let t = u + -101. Is t composite?
True
Suppose -t + 5*h + 2283595 - 595232 = 0, -3*t = h - 5065089. Is t a prime number?
True
Let p be 1 + 2/8*4. Suppose z + 2*y - 585 = 5*y, 0 = -p*z + 4*y + 1176. Let r = z - 21. Is r a prime number?
False
Let k = 40684 + -17541. Is k prime?
True
Let z(p) = 9*p**3 - 32*p**2 + 9*p - 21. Let a(m) = -26*m**3 + 95*m**2 - 28*m + 63. Let w(f) = -6*a(f) - 17*z(f). Is w(11) composite?
False
Let r(k) = k**2 + 19*k + 779. Is r(59) a prime number?
True
Let i be 8773 + (2/(-6))/(38/(-228)). Let s = i + -2666. Is s composite?
True
Let d(f) = 152*f**2 + 388*f - 317. Is d(-48) prime?
False
Let d = 40238 + 68859. Is d a composite number?
False
Let g(r) = -2 - r**2 + 6 - 2579*r**3 - 2 - 49*r + 50*r. Is g(-1) a composite number?
False
Suppose 0 = -3*o - 5*c + 555750 - 145806, -409986 = -3*o + 2*c. Is o a composite number?
True
Let k(z) = -7*z**2 - 3*z + 636107. Is k(0) prime?
True
Let f = -587 - -572. Let v(r) = -72*r - 229. Is v(f) composite?
True
Let h = 3049 - 21. Suppose -h = -3*v - 811. Suppose -5*b = -2*j - 911, -4*b = -0*j - 5*j - v. Is b prime?
True
Suppose 21*p - 14 + 140 = 0. Let j(q) = -4*q**2 - 2*q**3 + q + 0*q**2 + 3 - 4*q**2. Is j(p) prime?
False
Suppose -2*h = 9*i - 6*i - 1135349, 0 = 4*i - 3*h - 1513793. Is i prime?
True
Let q(m) = m**3 + 20*m**2 - 2*m + 55. Suppose -5*s + 4*z = -0*z + 70, -4*s - 4*z - 92 = 0. Is q(s) a prime number?
True
Is (-3)/6 + 485345/14 a composite number?
False
Suppose -4*z + 2947 + 145 = 0. Suppose -4*i + 10 = 6, 4*i + 284 = -2*w. Let j = z + w. Is j a prime number?
False
Suppose 4*x - 34844 = -4*f, 3*f + 2*x - 26812 + 680 = 0. Let t = f - -637. Is t prime?
False
Is (-3)/(12/(-796))*(902 + 4)/6 composite?
True
Let w = -52518 - -156224. Is w composite?
True
Let b(d) = -16*d**3 - 9*d**2 - 10*d - 7. Let k be b(-5). Let r = 1615 + k. Is r prime?
True
Let h be (-1 - (2 + -2)) + -4. Let o(j) = 22*j**2 - 3*j - 4. Let i be o(h). Let y = 934 - i. Is y composite?
False
Let h(d) = d + 12. Let l be h(20). Suppose -l*x + 22*x = -5140. Is x a prime number?
False
Suppose 0*d - 2*s + 40 = -4*d, 4 = d - 4*s. Let q = d + 14. Is ((-7 - -4) + q)*-209 a prime number?
False
Let f(o) = -14773*o - 3851. Is f(-16) composite?
True
Suppose -1192316 = -6*r - c, -3*r = -r + 2*c - 397442. Is r prime?
True
Suppose 2*a - 33 = -2*g + 3*a, -42 = -3*g + 4*a. Let o(t) = -2*t - 42. Let y be o(g). Let j = y + 289. Is j prime?
True
Let y be (1 - (-3 - -9))*-2. Is (-8)/(-1) + 70550/y composite?
True
Let y(w) = 428*w**2 - 19*w - 3. Let t be y(6). Suppose 285*a = 282*a + t. Is a composite?
True
Suppose -2*s = 5*z + 83, -3*z = -8*z + 15. Let h = s + 49. Suppose 3*v + 42 - 381 = h. Is v prime?
True
Let z = 3980 - 2719. Let v be 16/6*(-21030)/(-20). Let b = v - z. Is b a composite number?
False
Let s(z) = 718*z - 2045. Is s(13) prime?
False
Suppose 3*s = -2*u - 44, 39 = -3*s + 16*u - 13*u. Let r(w) = -260*w - 151. Is r(s) composite?
True
Let q = 42 - 42. Suppose 7*c - 36954 - 32087 = q. Is c prime?
False
Let t(p) be the second derivative of p**5/20 - 5*p**4/4 - 17*p**3/6 - 15*p**2/2 + p. Let j be t(15). Let n = j - -3209. Is n a prime number?
True
Let w be ((-3)/1)/((-3)/(-12)*4). Is (-32)/(-12)*w + 9669 composite?
False
Let a = -242 + 251. Suppose a*y = 14320 + 23201. Is y a prime number?
False
Let i(d) = 2*d**2 - d - 1. Let f be i(-1). Let s(w) = w**3 - 29*w**2 + 32*w - 127. Let t be s(21). Is (t/76)/(f/(-56)) composite?
True
Let c(k) = -2421*k + 58. Let h be c(-10). Is h/(-8)*(-3 + 1) composite?
False
Let a = 36 - 54. Let r be 2/6 + (-948)/a. Suppose 3*m = 4*m - r. Is m a prime number?
True
Let c(n) = 30*n - 5. Let k be c(1). Let h = k - 51. Let r = 13 - h. Is r prime?
False
Let a(o) = -o**3 - o + 1. Let v(u) = 25*u**3 + u**2 + 18*u - 16. Let w(h) = 5*a(h) + v(h). Is w(5) prime?
True
Let r be 0/((-6 - -4)*-1). Suppose -19742 = 3*m - 2*i - 53005, m - 5*i - 11066 = r. Is m prime?
False
Let o(i) = 28*i**2 + 455*i + 224. Is o(-57) a prime number?
False
Suppose 0 = -2*a - h + 2147, 4*a - 4273 = h + 4*h. Suppose -5*i = 3*p - 5*p - a, 5*p = -5*i - 2645. Is 4/16 - p/4 a prime number?
False
Let b(k) = 11*k**2 + 43*k + 35. Let o be b(-12). Let x = 656 - -1336. Let t = x - o. Is t a composite number?
True
Let z = -614 - -611. Let c(m) = -999*m - 64. Is c(z) prime?
False
Suppose 571487 = x - 15*r + 12*r, 5*r = -4*x + 2285846. Is x a prime number?
False
Is 333176*((-41)/(-8) + -5) prime?
True
Let n = 25230 - -17475. Suppose -n = -18*p + 18297. Is p a composite number?
False
Suppose -s - 2100 = -2*o, 4*s + 3*o - 5*o = -8430. Let w = s + 5547. Is w a prime number?
False
Let y(k) = -2*k**3 - 66*k**2 + 30*k - 183. Is y(-43) composite?
False
Suppose 2*w = -u, -4*u - 14 = -9*u - 3*w. Suppose -u*b - 15 = -9*b. Suppose 3*q + v - 4738 = 0, -q + 5*q + b*v - 6319 = 0. Is q a prime number?